(0 + -1 - 1) + -38 + 37.
-3
Evaluate -3 + 3 - (2 - 7).
5
Evaluate -12 - -7 - (5 + (-1 - -1)).
-10
What is the value of -6 - (-4 - (-5 + (5 - 0)))?
-2
What is -2 - (3 - (-2 - -4 - 2))?
-5
(-1 - -2) + -10 + 9
0
What is the value of (0 - 2 - (-23 - -17)) + -3?
1
(3 + (3 - 4) - 2) + 4
4
-7 + 2 + 2 - -4
1
9 + -4 + (-5 - -2)
2
Calculate 10 - (15 + (2 - 0)).
-7
What is the value of 5 - (4 + -4 - -3)?
2
Calculate 7 - 10 - (1 + -4).
0
Evaluate (-2 - -1) + (-5 - -2) + 4.
0
What is the value of -7 + 2 - -7 - -1?
3
Calculate -1 + 7 - (8 + -2 + -4).
4
Evaluate -3 + -3 + (3 - 1).
-4
What is 5 + (-8 + (5 - 6) - -3)?
-1
What is the value of -8 + 2 - -4 - 3?
-5
Calculate 0 + -2 - (-8 + 7).
-1
What is the value of (20 + -12 - -3) + (-1 - 3)?
7
What is the value of (1 - -1) + (27 - 29)?
0
What is the value of (28 - 21) + (0 - 7)?
0
What is the value of 4 - (10 + -14) - 13?
-5
What is the value of 7 + 6 + -21 + 4?
-4
What is the value of -3 + -4 + 16 + 1 - 3?
7
What is the value of -6 - (12 - (17 - 6))?
-7
-2 - (8 + -5 + -5)
0
Evaluate -5 - (6 + (0 - 15)).
4
What is the value of 12 + -7 + 2 - 7?
0
Evaluate (-9 - -6 - -3) + (-9 - 0).
-9
What is the value of 7 + 1 - (1 - (-2 + 0))?
5
Calculate (-1 - 0) + (5 - (5 + -6)).
5
Evaluate 0 + -4 + 0 + -1.
-5
Evaluate (2 - 2) + -2 - (16 + -22).
4
What is the value of 7 + (-5 - (3 - 6))?
5
Evaluate 0 + -9 - -14 - 1.
4
3 - (-2 + 4 + 0) - -2
3
Evaluate -2 + 6 + -11 + 8.
1
Calculate -1 - ((-8 - -5) + 4).
-2
What is -1 - 1 - (146 - 143)?
-5
Calculate 0 - -1 - ((0 - 1) + -3).
5
Calculate (16 - 21) + 0 + 0.
-5
-3 + (4 - (2 - (2 - -1)))
2
-6 + -1 + 2 - (-2 + -1)
-2
8 - (0 - -5 - -6)
-3
Evaluate 2 + -4 + 6 + -3.
1
Calculate -4 - (-4 - (-3 + 1) - 1).
-1
What is (-4 - (4 + -12)) + 0?
4
What is (-4 - -2) + 2 - 0 - 5?
-5
Evaluate -2 - -1 - ((-1 - 2) + 7).
-5
0 + -13 + 25 + -7
5
Calculate 0 - (7 + -4 - 4 - -3).
-2
8 - 3 - -1 - 7
-1
Calculate -2 - -12 - 3 - 4.
3
What is the value of (-8 - -27 - (7 - 1)) + -6?
7
What is the value of (-3 - 6) + 5 - 2?
-6
Evaluate -2 + 3 + -13 + 16.
4
Calculate 2 - (2 + (-2 - 5)) - -3.
10
What is the value of -1 - (-2 - (-7 + (3 - -1)))?
-2
Calculate (0 - 4) + 0 - 0.
-4
(-1 - (0 + 2)) + 12 + -9
0
15 - 12 - (-1 - -8) - 0
-4
0 + (1 - (3 + 0))
-2
Calculate 6 + -5 + 3 + (-2 - -1).
3
Calculate 1 - 1 - (0 - 2).
2
What is the value of (-2 - -24) + -31 + 17?
8
What is 1 + (-12 - -5 - -1)?
-5
What is the value of (-2 - 1) + 0 + (-2 - 0)?
-5
-2 - (0 + 0) - (-21 - -23)
-4
What is the value of -6 - (-1 + (0 - (1 + 4)))?
0
What is 0 - (-4 + (12 - 3))?
-5
Evaluate 5 + (-6 - 1) + -2 + -3.
-7
-2 + 6 - (9 + -3)
-2
-4 - (-10 - (-5 - 0))
1
Evaluate (-1 - (-3 + 2)) + 5.
5
What is the value of -7 - ((10 - 17) + -2 + 4)?
-2
What is the value of 4 - (-3 - (3 - (5 + 0)))?
5
What is -7 + (4 - 1 - -2)?
-2
What is the value of 3 - (7 - (-3 + 4))?
-3
8 - ((0 - 0) + 3 - -1)
4
What is the value of (-7 + 14 - 16) + 14?
5
Evaluate (5 - 1) + -7 - -1 - -7.
5
Evaluate -1 + 1 - (143 - 151).
8
Evaluate (18 + -23 - (2 - 9)) + -9.
-7
Evaluate -1 - (3 + 0) - -5.
1
What is -2 + (-4 + 1 - (15 + -22))?
2
2 + (-5 + (-3 - -3) - 0)
-3
Evaluate 10 + (4 - (9 - -5)).
0
What is 6 - (1 - (2 - 6))?
1
Calculate 1 + 11 - (29 - 24).
7
Calculate 0 - (6 + 1 + -5).
-2
Calculate (4 - 0) + -8 + -1 + 1.
-4
Calculate 3 + 6 + -32 + 23.
0
Evaluate (-4 - 7 - 3) + 11.
-3
Evaluate 2 + 2 - 2 - (-57 - -65).
-6
Calculate -5 - (-9 - (-8 - (-4 + 0))).
0
What is -9 + (4 - 2) + 10?
3
Calculate -1 - (-4 + 1 + -1 + 2).
1
Evaluate 14 + -3 + -16 + 3.
-2
What is the value of 1 - (3 + -1) - (36 + -38)?
1
What is the value of (-1 - -1) + (-4 - 1) + 4?
-1
What is -4 + 10 - (-1 - (-1 - -2))?
8
Evaluate (1 - 1) + 0 + 8 + -3.
5
(-31 - -21) + (3 - -5)
-2
2 + (2 - 1) - (-55 - -53)
5
What is the value of -9 + (8 - (-6 - 2))?
7
What is the value of 14 + (4 - (-1 - -8))?
11
Calculate -9 + 8 + -4 + -1.
-6
What is the value of -3 - (1 - 3) - (1 + 1)?
-3
(-4 - -2 - 1 - -2) + -4
-5
Calculate -3 - (3 - (8 - -6)).
8
(-12 - -7) + 4 - 0
-1
What is 3 + -6 - ((-1 - -2) + 0)?
-4
2 + -11 + 3 - (2 - -3)
-11
What is the value of 12 - (-7 + 4) - 6 - 7?
2
What is the value of (5 - 7) + 6 - (8 + 0)?
-4
Evaluate -5 - (0 + -2) - -1 - 2.
-4
What is 3 + (6 - (1 + 6)) - 0?
2
Calculate 4 - (-4 + (2 - -9)).
-3
What is -1 + 3 + (21 - 19)?
4
What is the value of -5 + (5 - (3 + (2 - 5)))?
0
What is the value of 0 + 2 + 5 - (8 - 6)?
5
3 + 2 + 4 + -4 + -2
3
Calculate 8 - (0 + 4 + 1 + -3).
6
9 - (2 + 0 + 4)
3
(7 - 12) + (-2 + 2 - -2)
-3
Evaluate (-2 - -3 - 4) + 2 + 1.
0
What is the value of -6 - 1 - -1 - -1?
-5
Evaluate -3 + (-5 - -7) + 1 + 1.
1
Evaluate -22 - 1 - -6 - -11.
-6
What is the value of -5 + 23 + (6 - 15)?
9
What is -2 + 1 - (-1 + -2) - -2?
4
(13 - 12) + (-3 - (2 + 0))
-4
What is -88 + 80 + -1 + -2 + 3?
-8
Evaluate -10 - (-1 - 2) - (-1 + -1).
-5
What is 9 - 7 - 0 - (0 - 0)?
2
Calculate 8 + -4 - (-6 - -9).
1
What is 3 + 3 + -2 + -3 + 3?
4
What is the value of (-3 - -2) + -3 - (19 - 17)?
-6
What is -8 - 0 - 3 - -9?
-2
3 + (-3 - -1) + 4
5
Calculate 0 + -6 + (-6 - -14) + 3.
5
Calculate 5 + -6 + 5 + -6.
-2
Calculate -5 - (3 - 9) - (7 + -1).
-5
Calculate 2 + 0 + 1 + 0.
3
What is -5 + (-3 - (4 - 2) - -4)?
-6
Calculate 1 + -1 + 5 + 15 + -18.
2
What is the value of 11 + -3 + 1 + 27 + -29?
7
Evaluate -3 - (-2 + 0 - 2).
1
What is 5 + -3 - 1 - 4?
-3
Evaluate -6 + (-27 - -42 - (1 + 1)).
7
What is 1 + -7 + (7 - 0) + 1?
2
Calculate -112 + 91 - (-12 + 0).
-9
Calculate 5 - 4 - (0 - -4).
-3
What is the value of 8 - (-9 - -8) - 8?
1
Evaluate 12 - (-8 - (-20 + 8)).
8
What is the value of -4 + -2 - (52 - 62)?
4
What is -4 + 6 + (12 - 12)?
2
What is 0 - (-3 + -1) - (-7 - -4)?
7
What is the value of 3 + (3 - (1 + -1) - 3)?
3
-11 + (2 - 7) + 7 - -5
-4
Calculate 0 - (2 + 2 + 0).
-4
What is (1 - -2) + (6 - 12)?
-3
Calculate -2 - (2 + (-10 + 4 - -3)).
-1
What is the value of 1 + (1 - 4) + 1 + 7?
6
(6 + 7 - 5) + (-2 - 1)
5
Evaluate -1 - ((-5 - (-1 + -5)) + -8).
6
What is the value of (-5 - (-5 - -9)) + 4?
-5
What is the value of 9 + (-2 - (4 + -1))?
4
What is the value of (-19 + 3 - (-8 - 1)) + 5?
-2
Evaluate 0 + 1 - (-3 - (-3 + 2)).
3
What is 4 + -1 + 2 + 0?
5
Evaluate 15 + (-35 - -16) - (1 + 0).
-5
Calculate -4 - (4 - 6 - 1 - -4).
-5
Evaluate (-8 - -10) + -18 - -4 - -6.
-6
Evaluate 1 + (-2 - (-1 - -4)) + 3.
-1
What is the value of 8 - (-2 - (-4 + 3 + -4))?
5
What is the value of (-4 - (-3 - 2)) + 1 - 1?
1
7 + -9 - -6 - 5
-1
What is (4 - (3 - 2) - -3) + -11?
-5
What is the value of 1 - 7 - (5 - (4 - 1))?
-8
Evaluate 2 + -6 + -4 - -8.
0
1 - (-6 + -2 - -5)
4
What is the value of -10 + 12 - (-1 + 0 + 0)?
3
What is the value of (0 - 8) + -6 + -4 + 15?
-3
3 + (7 - 7) - -2
5
Evaluate 6 + -3 + (2 - -1).
6
(4 - (4 - 0)) + 1 + -6
-5
What is the value of 5 + -2 + (2 - (4 + -2))?
3
What is the value of 12 + -1 - (1 + 3) - 3?
4
Calculate (-3 - (7 + -5 - -4)) + 5.
-4
(-2 - -1 - (-10 - -10)) + 2
1
What is -5 + 7 - (-2 + 4 + -3)?
3
What is the value of 16 + -12 - (-1 + 1)?
4
Calculate (-10 - -7) + (4 - 9).
-8
What is (4 - 0) + -13 + (1 - -8)?
0
Calculate -3 + (7 - 0) + -2 + 0.
2
What is the value of -5 - ((-4 - -2) + -6)?
3
Evaluate 0 - ((-5 - -5 - 7) + 10).
-3
Evaluate (4 - (0 + (2 - -1))) + -3.
-2
What is the value of (4 - 1) + 4 + (2 - 7)?
2
What is the value of 48 - 43 - (1 + -2)?
6
Calculate 2 - 1 - (-9 - (-1 - 5)).
4
Calculate -11 + (-2 - -4 - -4).
-5
What is 11 - 18 - (0 + -3)?
-4
Evaluate -1 - (3 + 2) - -6.
0
0 + (5 - 4 - 3) + -1
-3
(-3 - 0) + 6 - -2
5
What is the value of 5 + (24 - 22 - (-2 + 3))?
6
Evaluate -9 + 16 + (-2 - 2).
3
(2 - (7 + -8)) + -5
-2
What is -8 - 1 - (22 + -23)?
-8
What is the value of (7 - 0 - 4) + -3?
0
-1 - (4 + -2 + 2) - -8
3
Calculate (-16 - 1) + 23 + -12.
-6
What is the value of 0 + -6 + 3 - (7 - 7)?
-3
Calculate 1 + 0 + (20 - 26) - -12.
7
What is -5 + 0 + -5 + 8?
-2
What is the value of (0 - 5) + -6 - -8?
-3
What is 3 + 5 + -7 + 5?
6
2 - ((6 - 1) + (16 - 16))
-3
What is (84 - 77) + (3 - 2)?
8
What is the value of 6 + 1 + -9 + 7 + 2?
7
Evaluate (-11 - -6) + 2 + (7 - -2).
6
What is (2 - (-12 + 8)) + (-10 - -1)?
-3
Calculate (-5 + 8 - 2) + -1 + 3.
3
What is -26 - -13 - -24 - 17?
-6
What is the value of -5 + 7 + -5 - 0 - -3?
0
What is the value of -8 + (10 + 2 - (11 + -17))?
10
What is (5 - (-3 - -15)) + 4 + 1?
-2
What i